 and 243315?
15
What is the highest common divisor of 3238 and 65444837?
1619
Calculate the highest common factor of 4187 and 124391.
53
Calculate the highest common divisor of 17255452 and 4696.
2348
What is the greatest common factor of 60435 and 1628685?
765
What is the greatest common factor of 24053340 and 7740?
2580
What is the highest common factor of 9853 and 373647?
59
Calculate the highest common factor of 275671 and 979.
11
Calculate the highest common divisor of 2359406 and 2286.
254
Calculate the greatest common divisor of 96174 and 68774.
274
What is the greatest common divisor of 46045 and 55?
5
What is the highest common factor of 609031507 and 249?
83
Calculate the greatest common factor of 43517980 and 1216.
76
Calculate the highest common factor of 495 and 173784.
3
Calculate the greatest common divisor of 40204 and 5418363.
437
Calculate the highest common factor of 41104 and 31472.
112
What is the greatest common factor of 140418 and 8409942?
522
What is the highest common divisor of 245644 and 2480?
124
What is the greatest common divisor of 1465905 and 7245?
2415
Calculate the highest common divisor of 1132056 and 568.
8
Calculate the highest common divisor of 1135 and 268369615.
1135
What is the greatest common divisor of 275195716 and 4668?
1556
Calculate the highest common factor of 5379 and 10509741.
33
What is the highest common divisor of 377669572 and 84?
28
What is the highest common divisor of 44128 and 336896?
224
Calculate the highest common factor of 1471788108 and 84.
84
Calculate the greatest common factor of 294667 and 47970.
41
Calculate the highest common divisor of 20573156 and 8.
4
What is the greatest common divisor of 37812736 and 437?
437
Calculate the highest common factor of 2456378 and 1798.
62
What is the highest common divisor of 6657336 and 77996?
2516
Calculate the greatest common divisor of 22030 and 2950.
10
Calculate the highest common factor of 53907 and 24462.
453
Calculate the highest common divisor of 22448993 and 540736.
8449
Calculate the highest common factor of 73005 and 2700255.
465
What is the greatest common divisor of 1303946 and 3892?
14
Calculate the highest common factor of 2349950 and 100405.
215
Calculate the greatest common divisor of 90 and 364277205.
45
What is the highest common factor of 1616912 and 11561?
11
Calculate the greatest common factor of 71079898 and 134.
134
What is the greatest common divisor of 4200800 and 16992?
1888
Calculate the greatest common divisor of 39265061 and 33.
11
What is the greatest common divisor of 992009 and 3496?
19
What is the highest common divisor of 11583 and 351906984?
3861
Calculate the highest common divisor of 355112047 and 5162.
2581
Calculate the highest common divisor of 100170248 and 185.
37
What is the greatest common factor of 15129 and 79007?
1681
What is the greatest common factor of 850750 and 7467125?
5125
Calculate the greatest common divisor of 26 and 173335487.
13
Calculate the greatest common divisor of 17171 and 103332625.
2453
What is the greatest common factor of 4 and 21880808?
4
What is the greatest common divisor of 884580 and 17948?
2564
What is the highest common divisor of 4820244 and 39468?
1716
What is the greatest common divisor of 1503219 and 20383?
109
Calculate the highest common factor of 54957900 and 14500.
2900
What is the highest common divisor of 39 and 1690013?
13
Calculate the highest common divisor of 416 and 410512.
16
Calculate the greatest common divisor of 7469160 and 10.
10
Calculate the highest common factor of 62755311 and 237672.
9903
Calculate the highest common divisor of 15200449 and 418.
11
What is the highest common divisor of 4433 and 1829?
31
What is the greatest common divisor of 18020 and 10058764?
3604
Calculate the greatest common divisor of 35309 and 2424727.
527
What is the highest common divisor of 258830073 and 324?
81
Calculate the highest common factor of 939779797 and 218.
109
What is the highest common factor of 45 and 217982565?
45
What is the highest common divisor of 1676315 and 209773?
89
What is the greatest common factor of 16134479 and 1258?
629
What is the greatest common factor of 277188 and 6876?
12
What is the greatest common divisor of 333 and 9007650?
333
What is the greatest common divisor of 15648 and 11826?
6
What is the highest common divisor of 40 and 847650320?
40
Calculate the greatest common factor of 133208 and 2.
2
Calculate the greatest common divisor of 2774 and 2218858.
38
Calculate the highest common factor of 1178705 and 88.
11
Calculate the greatest common factor of 215972 and 124.
4
Calculate the highest common factor of 8507 and 158375.
181
Calculate the greatest common factor of 757260 and 537294.
3606
Calculate the highest common factor of 28 and 180433820.
28
Calculate the greatest common factor of 11055 and 2455530.
165
Calculate the highest common factor of 23796 and 176688.
36
What is the highest common divisor of 1026534 and 1178?
62
Calculate the greatest common divisor of 1341627162 and 402.
402
Calculate the highest common factor of 7428 and 2398006.
1238
What is the greatest common divisor of 5138 and 3957254?
14
What is the greatest common divisor of 124648473 and 6?
3
What is the greatest common divisor of 371520 and 321435?
135
What is the highest common divisor of 1108710 and 3870?
90
What is the greatest common factor of 396228 and 13272?
84
Calculate the greatest common divisor of 70 and 34142395.
35
What is the highest common divisor of 92975406 and 1181?
1181
Calculate the highest common factor of 419382774 and 4806.
1602
Calculate the greatest common factor of 387244511 and 29.
29
What is the highest common divisor of 124 and 3615902?
62
What is the highest common divisor of 4706120 and 8178?
58
Calculate the highest common divisor of 675 and 1696005.
135
Calculate the greatest common factor of 411303 and 6816.
213
Calculate the highest common factor of 47285 and 838971.
1351
Calculate the greatest common divisor of 12099 and 8614379.
109
What is the highest common factor of 183163 and 1661?
151
Calculate the greatest common divisor of 162864935 and 370.
185
Calculate the greatest common factor of 380926 and 229502.
2366
What is the highest common factor of 21465612 and 34524?
252
What is the highest common divisor of 25330 and 95211?
149
Calculate the greatest common factor of 7 and 619.
1
What is the highest common divisor of 579843 and 7920?
99
Calculate the highest common divisor of 3335 and 11017506.
667
What is the greatest common divisor of 17069 and 2183519?
1313
What is the greatest common factor of 7432160 and 400?
80
What is the highest common factor of 324 and 214662636?
324
Calculate the highest common divisor of 1295800 and 1569400.
3800
Calculate the highest common divisor of 1101764 and 16.
4
Calculate the highest common factor of 656 and 13567228.
164
Calculate the greatest common divisor of 4919751 and 1799.
257
Calculate the greatest common divisor of 4555212 and 456.
228
Calculate the highest common divisor of 23966 and 576288.
46
What is the greatest common factor of 123 and 536134122?
123
What is the highest common factor of 94067 and 1913271?
863
What is the highest common divisor of 2728446 and 354207?
3507
What is the highest common divisor of 35991 and 588627?
1161
Calculate the greatest common factor of 2539223 and 3887.
23
Calculate the highest common divisor of 42723 and 6198219.
423
What is the greatest common factor of 263250 and 1051375?
1625
Calculate the greatest common factor of 984 and 8131038.
246
Calculate the highest common factor of 1272 and 23874168.
1272
What is the greatest common divisor of 697 and 93222356?
697
What is the highest common divisor of 85899 and 17919052?
2603
What is the highest common divisor of 343144541 and 19?
19
Calculate the greatest common factor of 18 and 1186578.
18
Calculate the highest common divisor of 21529204 and 836.
76
What is the highest common factor of 2842 and 40013939?
1421
What is the highest common divisor of 18997844 and 44658?
1654
What is the greatest common factor of 1373352 and 204?
12
Calculate the greatest common factor of 142758773 and 5836.
1459
What is the greatest common factor of 9126 and 17567784?
234
What is the gr